 of g?
6
What is the hundreds digit of (-12)/14 - ((-199560)/(-42))/(-4)?
1
Suppose 2*x - 300 = -3*x. Suppose -2*i + x = -5*i. What is the tens digit of (i/15)/((-1)/15)?
2
Suppose h = 2*m + 4*h - 979, -4*m + 1967 = -3*h. What is the tens digit of m?
9
Suppose -c + 0*a + 11 = 5*a, 0 = 2*c + a - 31. What is the units digit of (20/c)/(1/24)?
0
Let h(z) be the third derivative of z**5/60 + z**4/24 + 17*z**3/6 + 9*z**2. What is the tens digit of h(-8)?
7
Suppose -j = -2*j + 47. Let c = j + -25. What is the tens digit of c/2 + 0/2?
1
What is the tens digit of (-22 + 11)/(0 + -1)?
1
What is the hundreds digit of 109 + (48/64)/(6/32)?
1
Let v = -108 - -452. What is the hundreds digit of v?
3
Suppose 2*c - 6 = b + 3, 4*b + 16 = -2*c. What is the units digit of (-6 + c)*(-82)/4?
2
Let g = -1298 - -2248. What is the units digit of g?
0
Let x(y) = 5*y**3 - 2*y**2 + y + 1. Let w be x(2). Let u = 17 + w. Suppose 0 = -5*r + r + u. What is the units digit of r?
3
Let x(j) be the third derivative of j**7/2520 + j**5/120 + j**4/12 - 3*j**2. Let a(b) be the second derivative of x(b). What is the units digit of a(-3)?
0
Let i be (-6 + 3)*(-1)/1. Suppose 4*z - x + 3*x = 4, -5*x + 10 = -i*z. Suppose -2*v + 32 = -z*v. What is the units digit of v?
6
Let v be 43 + (6/(-2) - -3). Suppose a - 10 = v. What is the tens digit of a?
5
Suppose 0 = -c - 7*c + 40. Suppose 4*w + 30 = c*w. What is the tens digit of w?
3
Let t(o) = -5*o + 27. Let x(m) = 2*m**2 - 19*m + 8. Let a be x(8). What is the tens digit of t(a)?
0
Let u = 0 + 2. Suppose u*p - 2*k = 3*k - 6, 4*p - k - 6 = 0. Suppose p*l - 26 - 24 = 0. What is the units digit of l?
5
Let q be 1/((-4)/(1 - 57)). Suppose -84 = 12*d - q*d. What is the tens digit of d?
4
Suppose -8*q + 3*q + 5*c = 105, -20 = -4*c. Let w be 1*(q/(-4) + -2). Suppose -2*t - 4*h + 27 + 39 = 0, 6 = w*h. What is the tens digit of t?
2
Suppose 0 = 2*g - 2*l + 10, -6*g - 5*l = -3*g - 25. Let z be 104*(-2)/(2 - g). Let y = z + 157. What is the units digit of y?
3
Let n(l) = -l**3 + l. Let a be n(0). Suppose -4*z - 691 + 1771 = a. Suppose 0*w + 5*w = z. What is the units digit of w?
4
Suppose t - c - 4*c - 330 = 0, 0 = -3*t - 2*c + 1075. What is the units digit of t?
5
Let h(v) = 7*v + 3. Let d be h(-5). Let g = 75 + d. What is the tens digit of g?
4
Let g(w) = 602*w**2 + 4*w - 2. What is the tens digit of g(-2)?
9
Suppose -4*c = -5*u - 0 + 8, -4*c = -u + 8. Let d(w) = u*w - 1 + 2*w - 7 - 1. What is the units digit of d(5)?
1
Let b(i) = 14*i**2 + 2*i - 1. Let q be b(-3). Suppose -q = -z - 2*s, z - 121 = -5*s + s. Let d = z + -78. What is the units digit of d?
9
Let z be (-40)/3*(-60)/(-25). Let r = z + 30. Let l(c) = 8*c**2 + 4*c + 3. What is the units digit of l(r)?
7
Let i(u) = -4*u + 3. Let g be i(3). Suppose 5*y + 3*v = 31, -2*y - 4*v = -y - 13. What is the units digit of (-3)/g*3*y?
5
Let d be ((-1)/(10/(-204)))/(1/(-10)). Let u = d - -413. What is the hundreds digit of u?
2
Suppose 3*t - 28*t + 2100 = 0. What is the tens digit of t?
8
What is the units digit of -3 + 12 + -5 + -3?
1
Let b be -2 + (2/5 - 516/(-10)). Let o = 21 + b. What is the units digit of o?
1
Let v = 386 - 398. Let q(t) = -t**2 - 16 + 0*t**2 + 9*t + 2*t**2. What is the units digit of q(v)?
0
Let o(a) = 128*a**3 + 6*a**2 - 6*a + 5. What is the units digit of o(2)?
1
Suppose -9*h + 219 = 597. What is the units digit of (-3978)/h - 2/(-7)?
5
Let i = 435 + -232. What is the units digit of i?
3
Let i = 434 - 264. Let h = i + -56. What is the hundreds digit of h?
1
Let a(g) = -4*g - 2. Let t be a(1). What is the units digit of (340/(-8))/(3/t)?
5
Suppose 3*y - 487 = 191. Suppose -i - 454 = -3*i + 3*g, i = g + y. Suppose 2*t + i = 6*t. What is the tens digit of t?
5
Let w(z) = z**2 - 20*z - 35. What is the units digit of w(-8)?
9
Let c = 1 - -16. Suppose 0 = b - 1 - c. Let i = b - -3. What is the tens digit of i?
2
Let a = 2710 - 309. What is the units digit of a?
1
Suppose 45*t = 36*t + 1413. What is the units digit of t?
7
Suppose -3*m - 2*x + 68 = 0, 3*x = 3*m + 4*x - 67. Let u(g) = -g - 8. Let f be u(0). Let q = m + f. What is the tens digit of q?
1
Suppose -5*w + 1888 = 5*i - 527, 3*i = -w + 1459. What is the hundreds digit of (49/(-21))/(-7) - i/(-3)?
1
Let y(i) = -i**3 + 7*i**2 - 6*i + 3. What is the tens digit of y(5)?
2
Suppose 4*z - 9 - 3 = 0. Suppose 0*u + z*u + 2*h - 93 = 0, 93 = 3*u - 2*h. What is the units digit of u?
1
Suppose 6*q + 4*q - 2640 = 0. Suppose 0 = -t - 5*t + q. What is the tens digit of t?
4
Let i(b) = -2*b - 7. Let m be i(-11). Let f = m + 7. What is the tens digit of f?
2
Let n(j) = -j**3 + 8*j**2 - 6*j + 1. Let x be n(6). Let z = 123 - x. What is the tens digit of z?
8
Let c(y) = -y**2 + y + 9. Let x be c(0). Suppose 2*m + m = x. Suppose 4*d = -12, 2*d - 66 + 9 = -m*s. What is the tens digit of s?
2
Suppose p + 0*p = 4. What is the tens digit of -2 + (1 - p*-7)?
2
Let k = -35 + 126. Suppose 139 = 5*u - k. Let d = u + -25. What is the units digit of d?
1
Let t be (-4 + 3)*-1*0. Suppose t = -i - i + 160. What is the tens digit of i?
8
Suppose -638 = 4*i - 238. Let f = i + 249. What is the hundreds digit of f?
1
Let c be (0 - (-30)/9)*528/40. What is the tens digit of 8/c - (-3 + 1712/(-22))?
8
Let p(c) = -c**3 - 12*c**2 + 14*c + 5. What is the tens digit of p(-14)?
0
Suppose 2*r - 3*p - 621 = -r, 202 = r + 4*p. Suppose 154 = 4*v - r. What is the tens digit of v?
9
Let y = -10 + 13. Let m = y - 5. What is the units digit of (-15)/m*32/20?
2
Let h = 22 + -22. Let c = h - -45. What is the units digit of c?
5
Let c(x) = x**2 - 2*x - 3. Let i be c(3). Suppose 3*v + i*v = 9. Suppose 8*f = v*f + 3*g + 271, g = 2*f - 108. What is the tens digit of f?
5
Suppose 106*k - 111*k + 2855 = 0. What is the tens digit of k?
7
Suppose -s + 14 = 3*k, 5*s = 2*k - 18 + 3. Let c be ((-6)/9)/(s/(-3)). What is the units digit of c + 12 + 0 + -2?
8
Suppose 2*s - 2*g = 10, 0 = 4*s - 4*g + g - 18. Suppose 0 = w + w + s*a - 63, -5*a = 4*w - 123. What is the units digit of w?
7
Suppose 23*v - 40 = 21*v. Let k = 26 - v. What is the units digit of k?
6
Let w(l) = -l**3 + 11*l**2 - 11*l + 14. Let b be w(10). Suppose b*h - 1 = 7. Suppose g = -2*m - h*g + 80, 47 = m + 5*g. What is the units digit of m?
7
Suppose -185 = 9*l - 743. Let x = l - 2. What is the units digit of x?
0
Suppose 4*i + 21 + 27 = 0. Let y be (1/2)/(2/i). Let t(z) = -z**3 + z**2 + 5*z + 3. What is the units digit of t(y)?
4
Suppose -5*c - y - 147 = 91, 0 = -4*c - 5*y - 182. Let d = c - -88. What is the units digit of d?
0
Suppose 324*a - 9056 = 316*a. What is the tens digit of a?
3
Let g(j) be the second derivative of j**4/2 - 2*j**3/3 + 2*j**2 - 3*j. Let z be ((-21)/2)/7 - (-9)/2. What is the tens digit of g(z)?
4
Let k(g) = 2*g - 1. Let f = 6 + -2. Let u be k(f). Suppose -3*d = c + u, -17 = c + 5*d - 4. What is the units digit of c?
2
Let v = 95 + -50. Suppose r - v = 5*n, -5*r - 3*n = -8*r + 159. What is the tens digit of r?
5
Let t be (-4 - -2)*(-116)/(-8). Let d = t + 55. What is the units digit of d?
6
Let i = 2333 - 1423. What is the tens digit of i?
1
Suppose 29*j - 34*j = -225. Let r = 82 + j. What is the tens digit of r?
2
Let p = 166 + -151. What is the units digit of p?
5
Suppose 139*t - 13640 = 51*t. What is the hundreds digit of t?
1
Suppose -103*z = -67*z - 5976. What is the hundreds digit of z?
1
Let y(u) = 11*u**2 + 6*u - 5. Let b(x) = x**2 + x - 1. Let r(f) = f + 4. Let k be r(-3). Let h(n) = k*y(n) - 4*b(n). What is the tens digit of h(-2)?
2
Let p(j) = -4 - 8 - j**3 + 2*j**3 + 8 - 3*j. What is the tens digit of p(3)?
1
Let k(l) = 3*l**2 + 17*l - 15. Let z be k(-6). Suppose -3*x = 2*x - 1815. What is the units digit of z/(-6) - x/(-6)?
2
Let d = 433 - -1885. What is the hundreds digit of d?
3
Let r = -6 + 22. Let f be (-4)/(r/4) + 3. Let p = 23 - f. What is the tens digit of p?
2
Suppose 2 + 2 = 2*c. Suppose c*d = 4*b - 34, -3*d + 18 = -2*b + 69. Let y = 21 + d. What is the units digit of y?
4
What is the tens digit of 428 - (3/(-12) - (-210)/(-56))?
3
Let u(r) = -62*r + 51. What is the tens digit of u(-6)?
2
Let a(n) = -5*n**3 - 8*n**2 - 3*n. Let c be (-2 + (-7)/(-3))*-3 - 2. What is the tens digit of a(c)?
7
Suppose 4*g = -4*n + 1820, -910 = -2*g - 10*n + 13*n. What is the hundreds digit of g?
4
Su